st common factor of 1472400 and 432?
144
Calculate the greatest common factor of 55352 and 2244.
748
Calculate the highest common divisor of 197 and 8.
1
Calculate the greatest common factor of 29895 and 105.
15
Calculate the highest common factor of 96 and 12160.
32
Calculate the highest common factor of 139146 and 2.
2
What is the highest common factor of 595 and 45101?
119
Calculate the greatest common factor of 7848 and 2560.
8
What is the greatest common divisor of 450 and 112350?
150
What is the greatest common factor of 117 and 403377?
39
Calculate the highest common divisor of 963237 and 404.
101
What is the greatest common divisor of 40 and 190920?
40
What is the greatest common factor of 39923 and 83?
83
Calculate the highest common divisor of 3286 and 12614.
106
Calculate the highest common factor of 30700 and 150.
50
What is the greatest common factor of 18 and 4113?
9
What is the highest common divisor of 1030220 and 85?
5
Calculate the highest common factor of 84402 and 1782.
162
Calculate the greatest common factor of 167299 and 670.
67
Calculate the greatest common factor of 330 and 817960.
110
What is the highest common divisor of 284 and 1378607?
71
What is the highest common factor of 44 and 78432?
4
Calculate the greatest common factor of 88 and 11608.
8
Calculate the greatest common divisor of 291697 and 1568.
49
What is the greatest common divisor of 38512 and 203?
29
What is the highest common factor of 13080 and 2760?
120
Calculate the highest common divisor of 363 and 15279.
33
Calculate the greatest common factor of 13529 and 11288.
83
Calculate the greatest common divisor of 1113 and 15519.
21
Calculate the greatest common divisor of 5117 and 257957.
301
What is the greatest common divisor of 721 and 238033?
103
What is the highest common factor of 112230 and 20?
10
What is the greatest common factor of 78 and 1297842?
78
Calculate the greatest common divisor of 3419 and 104.
13
Calculate the greatest common divisor of 814 and 1826.
22
What is the greatest common factor of 1563723 and 21?
21
Calculate the greatest common factor of 924 and 1407.
21
What is the greatest common factor of 2044 and 25696?
292
Calculate the greatest common divisor of 11760820 and 185.
185
Calculate the highest common factor of 45336 and 48.
24
Calculate the greatest common factor of 448 and 38444.
28
What is the highest common divisor of 1424 and 3026?
178
Calculate the greatest common divisor of 9585 and 915190.
355
What is the highest common divisor of 333 and 35613?
9
What is the greatest common divisor of 1224 and 1536?
24
What is the highest common divisor of 42813 and 781?
71
What is the highest common divisor of 168 and 5486012?
28
What is the greatest common factor of 32 and 209544?
8
Calculate the greatest common divisor of 220 and 32615.
55
Calculate the greatest common divisor of 4699 and 37481.
37
What is the greatest common divisor of 62 and 442?
2
What is the greatest common factor of 648 and 3153492?
324
What is the highest common divisor of 3009112 and 8?
8
Calculate the greatest common factor of 980 and 7340.
20
What is the greatest common factor of 20043 and 2448?
153
Calculate the highest common divisor of 631562 and 290.
58
Calculate the greatest common divisor of 1313736 and 1290.
258
What is the highest common factor of 2234 and 2?
2
Calculate the greatest common divisor of 14878 and 86.
86
What is the greatest common factor of 19604 and 33408?
116
Calculate the greatest common divisor of 168 and 84189.
21
What is the greatest common factor of 30 and 94110?
30
Calculate the greatest common divisor of 26173 and 77.
7
What is the greatest common factor of 893953 and 127?
127
Calculate the highest common divisor of 200 and 408.
8
What is the highest common factor of 738 and 630?
18
Calculate the highest common factor of 48 and 2630544.
48
What is the highest common divisor of 146 and 578306?
146
What is the highest common divisor of 3228 and 164?
4
What is the highest common factor of 567 and 7707?
21
What is the highest common factor of 45 and 239643?
9
Calculate the highest common factor of 223 and 397609.
223
Calculate the highest common divisor of 14 and 6398.
14
What is the greatest common factor of 204 and 34731?
51
Calculate the greatest common divisor of 57016 and 40.
8
Calculate the highest common factor of 549 and 36661.
61
Calculate the greatest common factor of 749 and 285155.
107
Calculate the highest common divisor of 232 and 128.
8
What is the greatest common factor of 1717 and 3247?
17
What is the greatest common divisor of 11910824 and 776?
776
Calculate the greatest common divisor of 10384 and 11056.
16
Calculate the greatest common factor of 63570 and 13203.
489
What is the greatest common factor of 4669 and 13398?
203
What is the greatest common factor of 66225 and 15?
15
Calculate the highest common divisor of 2418 and 3301779.
1209
Calculate the highest common factor of 1152 and 8712.
72
Calculate the highest common factor of 11770 and 550.
110
Calculate the greatest common divisor of 447 and 992787.
447
Calculate the highest common factor of 759 and 34559547.
759
What is the greatest common factor of 3014 and 73706?
274
What is the greatest common factor of 179901 and 513?
27
Calculate the highest common divisor of 904 and 4505084.
452
Calculate the highest common factor of 108 and 85194.
18
What is the highest common divisor of 135736 and 16?
8
What is the greatest common factor of 218 and 2834?
218
What is the highest common divisor of 6155 and 1740?
5
Calculate the highest common divisor of 154432 and 7828.
76
Calculate the greatest common divisor of 11619 and 171.
9
Calculate the highest common factor of 2566 and 1812879.
1283
Calculate the highest common divisor of 2800 and 28040.
40
What is the greatest common divisor of 531 and 9204?
177
What is the highest common divisor of 288 and 114768?
144
Calculate the highest common divisor of 1036 and 86284.
148
Calculate the greatest common factor of 14075427 and 879.
879
What is the greatest common divisor of 86 and 86301?
43
Calculate the highest common factor of 35786 and 174.
58
Calculate the greatest common divisor of 162 and 1207062.
162
What is the greatest common divisor of 29699 and 6035?
17
What is the greatest common factor of 3621 and 406980?
51
What is the greatest common factor of 1340 and 1139?
67
Calculate the highest common factor of 17843 and 7.
7
Calculate the greatest common factor of 43456 and 756.
28
Calculate the greatest common divisor of 642740 and 140.
140
Calculate the highest common factor of 14826 and 54.
6
What is the highest common factor of 38 and 2678?
2
Calculate the highest common factor of 1411592 and 245.
49
What is the greatest common factor of 112365 and 1485?
495
What is the highest common divisor of 56 and 126952?
56
Calculate the greatest common factor of 5434 and 66.
22
What is the greatest common divisor of 195136 and 144?
16
Calculate the highest common divisor of 1958 and 1246.
178
Calculate the highest common factor of 136 and 237286.
34
What is the highest common divisor of 266 and 26828?
38
What is the highest common factor of 9776235 and 15?
15
What is the highest common factor of 472688 and 992?
496
Calculate the highest common factor of 23069 and 161.
23
Calculate the greatest common factor of 288919 and 2787.
929
What is the highest common divisor of 7379 and 3008?
47
Calculate the highest common divisor of 344 and 557.
1
Calculate the highest common divisor of 1971 and 1269.
27
What is the highest common factor of 150 and 805950?
150
What is the greatest common factor of 44157 and 287?
41
What is the highest common factor of 30546 and 18?
18
Calculate the highest common divisor of 105183 and 2418.
1209
Calculate the greatest common factor of 371932 and 8132.
428
Calculate the highest common divisor of 26427 and 1288.
23
What is the greatest common divisor of 1014640 and 2816?
176
Calculate the greatest common factor of 23843 and 211.
211
Calculate the greatest common divisor of 110510 and 1390.
10
Calculate the greatest common factor of 526158 and 18.
18
What is the greatest common factor of 107440 and 96?
16
Calculate the greatest common divisor of 71 and 1552841.
71
Calculate the greatest 